f) = 2*f + 1. Let t be c(-1). Suppose -4*i = -8, -192*p - 4*i + 32 = -191*p. What is the remainder when 47 - (t/(-1) + 1) is divided by p?
21
Suppose 232 = -3*a - 1307. What is the remainder when (-6)/9*a/6 is divided by (12 - 2)*(7 + -6)?
7
Suppose -5*d = -4*t + 542, -142 = -14*t + 13*t - 2*d. Calculate the remainder when t is divided by 22.
6
Calculate the remainder when 422 - ((-39)/156)/((-1)/16) is divided by 106.
100
Calculate the remainder when 166 is divided by (91 - 1)*42/70.
4
Let c = -582 + 1014. Calculate the remainder when c is divided by 73.
67
Suppose 5*l - 7 = -3*i + 2*i, 2*i = l - 8. Let f = 20 - l. What is the remainder when 71 is divided by f?
17
Let i(w) = 7*w + 11. Let y be (10 - 7)*1*3. Let c be i(y). Let x = -52 + c. What is the remainder when 64 is divided by x?
20
Let r = 637 - 433. What is the remainder when r is divided by 69?
66
Let z(i) = i + 16. Let r(s) = -s**2 + 3*s + 8. Let q be r(0). Calculate the remainder when z(q) is divided by 9.
6
What is the remainder when 86 is divided by 3*(6/27)/(-2)*-15?
1
Let f(q) = -3*q + 4. Let m(u) = -2*u**2 + 4*u - 2. Let d be m(2). Calculate the remainder when 37 is divided by f(d).
7
Let c = 150 + -143. Let q be ((-13)/(-2))/(1/2). Let m = q - 2. Calculate the remainder when m is divided by c.
4
Suppose 5*u + 241 - 96 = 5*p, -4*p + 2*u = -124. Suppose p = z - 4*v, 2*v - 6 = 4*v. What is the remainder when z is divided by 8?
5
Calculate the remainder when 124 - (1 - (0 + -5)) is divided by 21.
13
Suppose -3 - 3 = -2*t. Let k(c) = -26 + 16 - t*c - 2*c - c**2 + c**3. Calculate the remainder when k(5) is divided by 17.
14
Suppose -4 = -g + 5. Suppose 144 = 4*o - 0*o + 40. Calculate the remainder when o is divided by g.
8
What is the remainder when 309 is divided by (-9880)/950*((-15)/(-2))/(-3)?
23
Let q(b) = -b**2 - 12*b - 9. Let j be q(-11). What is the remainder when 223 is divided by (-325)/(-10) + (-1)/j?
31
Let i = -6 + 8. Let b(z) = z - 6. Let l be b(i). Let y = l - -10. What is the remainder when 9 is divided by y?
3
Let q be ((-17)/(-4) + 1)/((-8)/(-192)). Let g = -87 + q. Calculate the remainder when g is divided by 15.
9
Let w(m) = m + 5. Let i = 57 + -47. What is the remainder when w(i) is divided by 5?
0
Suppose -3*m - 13 = -58. What is the remainder when 86 is divided by m?
11
Let v(g) = 66*g**2 + 9*g - 13. Calculate the remainder when v(2) is divided by 18.
17
Let t = 54 + -103. What is the remainder when 46 is divided by (-126)/t*28/6?
10
Let p(o) = -42*o - 240. What is the remainder when p(-7) is divided by 15?
9
Let t be (((-96)/20)/(-6))/(6/(-195)). Let m = 28 + t. Calculate the remainder when 13 is divided by m.
1
Let q = 49 + -35. Let z(r) = -r**2 - 12*r + 23. What is the remainder when q is divided by z(-13)?
4
Let a be (-2 + 1)*(5 + -3). Let g = a + 4. Let f = 4 + -1. What is the remainder when f is divided by g?
1
Let v = 643 + -600. Calculate the remainder when 557 is divided by v.
41
Suppose 61*z - 8*z - 13303 = 0. Calculate the remainder when z is divided by 8.
3
Calculate the remainder when (4/12)/(30/12780) is divided by 54.
34
Let i = 17 - 9. Let m be (-7)/(28/i) + 6. Calculate the remainder when ((-36)/(-10))/(m/10) is divided by 4.
1
Suppose 2*s - 3*o + 0*o - 54 = 0, 0 = 4*s - 4*o - 100. Suppose -4*w = -w - s. Suppose -140 = 2*x - w*x. What is the remainder when x is divided by 6?
4
Let c(n) = 3*n + 1. Let w(h) = h**2 - h - 3. Let b be w(-2). Calculate the remainder when c(b) is divided by 7.
3
Let t(y) = y**3 - 8*y**2 - y + 30. Let q = 10 - 1. Calculate the remainder when t(q) is divided by 27.
21
Suppose 176 = -6*s - 586. Let b = -120 - s. Calculate the remainder when 12 is divided by b.
5
Suppose -4*z + 23 + 73 = 0. Let h = 82 - z. Calculate the remainder when h is divided by 10/(-3)*8/((-16)/9).
13
Let n be (-33)/(-5) - (-10)/25. Let o = n + 23. Calculate the remainder when 115 is divided by o.
25
Let x(i) = -2*i - 1. Let l be x(-2). Suppose -l*b = g - 79, -g + 82 = 3*b + b. Let d = 322 + -298. What is the remainder when g is divided by d?
22
Suppose -7 = 3*x - 73. Suppose -4*a + 22 = -x. Calculate the remainder when 86 is divided by a.
9
Let f(r) = 4*r**3 - 2*r + 2. Let x be f(1). Suppose -4*v + 72 = -0*v. Suppose -i = -x*i + v. Calculate the remainder when 22 is divided by i.
4
Let a(r) = -r**3 + 20*r**2 - 19*r + 19. Suppose -3*n = 4*h - 57, -2*n + 6*h + 38 = 4*h. Calculate the remainder when 72 is divided by a(n).
15
What is the remainder when (68/119)/((-2364)/1183 - -2) is divided by 31?
28
What is the remainder when 0 - (2 + -8) - -131 is divided by 69?
68
Let u(b) = -b**2 - 4*b - 2. Let g = 15 + -18. Let o be u(g). Let z(n) = 47*n**3 - n**2 + 2*n - 1. Calculate the remainder when z(o) is divided by 24.
23
Calculate the remainder when ((-222)/8)/(7 + (-1144)/160) is divided by 63.
59
Suppose -2*h = -3*h + 85. Let b = 98 - h. Calculate the remainder when 50 is divided by b.
11
Suppose -106 = 2*h + 2*f, 0*f + 3*f = h + 57. Let l = h + 90. What is the remainder when l is divided by (-10)/65*1 + 1494/78?
17
Calculate the remainder when (-20)/12 + (-209)/(-3) is divided by ((-6)/4)/((-1)/12).
14
Suppose 517 = -3*y + 529. What is the remainder when y is divided by 3?
1
Suppose -22 = -2*v - 4*b, -v + 3*b + 14 = 4*b. Calculate the remainder when 66/2 + 3 + -4 is divided by v.
15
Let t(f) = -30*f + 69. What is the remainder when 291 is divided by t(-1)?
93
Let a = 569 - 532. What is the remainder when a is divided by (-14)/(-4)*(4 + 0)?
9
Let s(l) = l + 19. Let o be (-1)/5 - 320/25. Let n be s(o). Calculate the remainder when 9 is divided by n/(-27) - (-168)/27.
3
Let m(n) = n + 13. Calculate the remainder when 106 is divided by m(14).
25
Let b be 3 - 15/3 - -4*1. Suppose -4 = 3*v + 5*w, 6 = 3*v + b*w - 5. What is the remainder when 33 is divided by v?
5
Let i = 19 - 14. Let q = 7 - i. Calculate the remainder when (q - 0 - -36) + -3 is divided by 19.
16
Suppose 0 = -5*u + 8 + 132. Let q = u + -21. Suppose 5*j - 4*z = 142, 5*z + 8 = -q. Calculate the remainder when j is divided by 14.
12
Let j = 9 - 11. Let d be (18*-3)/(3/j). Suppose -d = t - 3*t. Calculate the remainder when 53 is divided by t.
17
Suppose 20 = 6*u - u. Calculate the remainder when 19 is divided by u.
3
Let b(r) be the third derivative of 5*r**4/8 + 20*r**2. Calculate the remainder when 88 is divided by b(1).
13
Let y = -28 + 52. Let l be ((-6)/4)/(y/(-288)). Let j = l + -13. What is the remainder when 12 is divided by j?
2
Suppose 4*q = -3*j + 13, 3*j + 22 - 28 = -3*q. What is the remainder when 78 is divided by q?
1
Let m(b) = -3*b**2 + 23*b + 2. Calculate the remainder when 124 is divided by m(5).
40
Suppose -z + 5*a = -2*z + 552, 0 = -4*z - 5*a + 2253. Calculate the remainder when z is divided by 23.
15
What is the remainder when (-107)/(-4) + (-20)/(-16) is divided by 3?
1
Let k(d) = -d**2 + 24*d - 10. Calculate the remainder when 20 is divided by k(23).
7
Suppose 110*c = 115*c - 780. What is the remainder when c is divided by 16?
12
Suppose -44 = m - 58. What is the remainder when 401 is divided by m?
9
Suppose -4*f + 20 = 0, -3*f = 5*v - 1707 + 567. Calculate the remainder when v is divided by 63.
36
Suppose 6*n = -y + 4*n + 9, -y = n - 12. What is the remainder when 1497 is divided by y?
12
Let t = -7 + 22. Let n = 1299 - 1255. What is the remainder when n is divided by t?
14
Suppose 5*j = -9*j + 7686. Calculate the remainder when j is divided by 12.
9
Let v be 87 + -8 - (-2 - -3). Let q = 18 + v. What is the remainder when q is divided by 20?
16
Let k = 9941 - 6716. Suppose -23*z - k = -38*z. Calculate the remainder when z is divided by 24.
23
Let q(d) = 7*d**2 - 7*d - 49. Let g(o) = 8*o**2 - 7*o - 51. Let r(t) = 6*g(t) - 7*q(t). What is the remainder when r(6) is divided by 9?
7
Let n(c) = 180*c + 761. Calculate the remainder when 365 is divided by n(-4).
37
Suppose 4*t - 694 - 438 = 0. Calculate the remainder when t is divided by 72.
67
Let g be 5/(-3)*6/(-5). Suppose -g*n = -6, 3*q = n + n + 6. Let a(j) = -j + 10. What is the remainder when a(2) is divided by q?
0
Suppose -4*z + 377 = 313. What is the remainder when 180 is divided by z?
4
Let f = -14 + -71. Suppose -24 = 5*w + 206. Let t = w - f. Calculate the remainder when t is divided by 14.
11
Let u = 94 + -84.